{"id":27,"date":"2025-03-19T20:27:45","date_gmt":"2025-03-19T20:27:45","guid":{"rendered":"https:\/\/herzensbande-dn.goetze-media.de\/httpdocs\/?page_id=27"},"modified":"2025-03-25T13:26:40","modified_gmt":"2025-03-25T13:26:40","slug":"wer-wir-sind","status":"publish","type":"page","link":"https:\/\/www.herzensbande-dn.de\/?page_id=27","title":{"rendered":"Wer wir sind"},"content":{"rendered":"<p>Wir sind Wiebke und Ann Kathrin, zwei Pflegem\u00fctter aus dem Kreis D\u00fcren. Wiebke ist verheiratet und hat ein Pflegekind sowie ein leibliches Kind. Ann Kathrin ist ebenfalls verheiratet und hat ein Pflegekind.<\/p>\n<p>Wir haben uns im Seminar f\u00fcr werdende Pflegeeltern kennengelernt und schnell gemerkt, wie wichtig der Austausch \u00fcber unsere Erfahrungen ist. Aus diesen Gespr\u00e4chen und auch dem sp\u00e4teren Alltag als Pflegeeltern entstand die Idee, ein Netzwerk zu gr\u00fcnden, damit auch andere Familien die M\u00f6glichkeit haben, sich auszutauschen und voneinander zu lernen. Wir sind \u00fcberzeugt, dass dieser Austausch nicht nur uns als Eltern hilft, sondern auch unseren Kindern zu Gute kommt.<\/p>\n<p>Gemeinsam k\u00f6nnen wir eine starke Gemeinschaft aufbauen, die unseren Kindern ein liebevolles und unterst\u00fctzendes Umfeld bietet. Wir freuen uns darauf, viele weitere Familien in unser Netzwerk einzuladen, damit sie von den Verbindungen und Erfahrungen profitieren k\u00f6nnen!<\/p>\n","protected":false},"excerpt":{"rendered":"<p>Wir sind Wiebke und Ann Kathrin, zwei Pflegem\u00fctter aus dem Kreis D\u00fcren. Wiebke ist verheiratet und hat ein Pflegekind sowie ein leibliches Kind. Ann Kathrin ist ebenfalls verheiratet und hat ein Pflegekind. Wir haben uns im Seminar f\u00fcr werdende Pflegeeltern&#8230; <a href=\"https:\/\/www.herzensbande-dn.de\/?page_id=27\" class=\"readmore\">Weiterlesen<span class=\"screen-reader-text\">Wer wir sind<\/span><span class=\"fa fa-angle-double-right\" aria-hidden=\"true\"><\/span><\/a><\/p>\n","protected":false},"author":1,"featured_media":0,"parent":0,"menu_order":0,"comment_status":"closed","ping_status":"closed","template":"","meta":{"footnotes":""},"class_list":["post-27","page","type-page","status-publish","hentry"],"_links":{"self":[{"href":"https:\/\/www.herzensbande-dn.de\/index.php?rest_route=\/wp\/v2\/pages\/27","targetHints":{"allow":["GET"]}}],"collection":[{"href":"https:\/\/www.herzensbande-dn.de\/index.php?rest_route=\/wp\/v2\/pages"}],"about":[{"href":"https:\/\/www.herzensbande-dn.de\/index.php?rest_route=\/wp\/v2\/types\/page"}],"author":[{"embeddable":true,"href":"https:\/\/www.herzensbande-dn.de\/index.php?rest_route=\/wp\/v2\/users\/1"}],"replies":[{"embeddable":true,"href":"https:\/\/www.herzensbande-dn.de\/index.php?rest_route=%2Fwp%2Fv2%2Fcomments&post=27"}],"version-history":[{"count":4,"href":"https:\/\/www.herzensbande-dn.de\/index.php?rest_route=\/wp\/v2\/pages\/27\/revisions"}],"predecessor-version":[{"id":45,"href":"https:\/\/www.herzensbande-dn.de\/index.php?rest_route=\/wp\/v2\/pages\/27\/revisions\/45"}],"wp:attachment":[{"href":"https:\/\/www.herzensbande-dn.de\/index.php?rest_route=%2Fwp%2Fv2%2Fmedia&parent=27"}],"curies":[{"name":"wp","href":"https:\/\/api.w.org\/{rel}","templated":true}]}}